70.
10
What is the greatest common divisor of 4082 and 2512?
314
What is the highest common factor of 27 and 608607?
27
What is the highest common factor of 3 and 468516?
3
Calculate the greatest common divisor of 315 and 2044.
7
What is the greatest common divisor of 822426 and 8976?
1122
Calculate the greatest common factor of 377040 and 16.
16
Calculate the greatest common factor of 3127 and 5989.
53
Calculate the highest common factor of 10048 and 14130.
314
What is the highest common factor of 46102 and 2849?
259
What is the greatest common factor of 710 and 2210?
10
What is the greatest common factor of 12 and 150?
6
What is the greatest common factor of 92 and 66296?
4
Calculate the greatest common divisor of 2030 and 92162.
406
What is the greatest common factor of 48 and 355272?
24
Calculate the highest common divisor of 14104 and 14491.
43
What is the highest common factor of 3792 and 144?
48
What is the greatest common factor of 134 and 694120?
134
Calculate the highest common factor of 38363 and 227.
227
What is the greatest common divisor of 276 and 738070?
46
What is the highest common factor of 154812 and 1455?
291
What is the greatest common divisor of 2403 and 6?
3
Calculate the highest common factor of 10659 and 63745.
209
Calculate the highest common factor of 665 and 33775.
35
What is the highest common factor of 33877 and 38?
19
What is the highest common factor of 209985 and 45?
15
Calculate the greatest common factor of 944722 and 82.
82
Calculate the greatest common factor of 319382 and 7.
7
What is the highest common divisor of 24 and 450456?
24
What is the highest common divisor of 16797 and 1000185?
1527
What is the greatest common divisor of 645 and 67245?
15
What is the greatest common divisor of 18 and 3162?
6
What is the highest common factor of 3991 and 39?
13
Calculate the highest common factor of 160 and 219808.
32
What is the greatest common factor of 57 and 1295971?
19
What is the highest common divisor of 1318 and 1462321?
659
What is the highest common divisor of 38247 and 17328?
57
What is the greatest common divisor of 53130 and 525?
105
Calculate the greatest common divisor of 9469631 and 29.
29
What is the greatest common divisor of 12114 and 138?
6
What is the highest common factor of 208539 and 783?
261
What is the highest common factor of 775 and 7440?
155
Calculate the highest common factor of 9804 and 5700.
228
What is the highest common divisor of 414 and 25344?
18
What is the highest common divisor of 27150 and 450?
150
Calculate the greatest common divisor of 42 and 38493.
21
What is the highest common factor of 21 and 26159?
7
What is the highest common divisor of 51 and 159069?
51
What is the greatest common divisor of 24 and 26408?
8
Calculate the highest common divisor of 14053 and 1403.
23
What is the highest common factor of 10826788 and 1148?
1148
What is the highest common factor of 51910 and 27745?
895
Calculate the greatest common divisor of 1008 and 11934.
18
Calculate the highest common divisor of 8800 and 6.
2
What is the highest common divisor of 90002 and 66?
22
Calculate the highest common divisor of 60 and 554340.
60
What is the greatest common divisor of 9405 and 88?
11
Calculate the greatest common factor of 37440 and 216450.
1170
Calculate the highest common factor of 23994 and 198617.
1333
What is the greatest common divisor of 3253 and 28?
1
What is the highest common divisor of 104 and 11912?
8
What is the greatest common factor of 2068491 and 603?
201
What is the highest common divisor of 1239 and 45?
3
Calculate the greatest common divisor of 234 and 1066.
26
What is the greatest common divisor of 387 and 12384?
387
What is the greatest common factor of 14711 and 21103?
47
What is the greatest common factor of 1157 and 8125?
13
Calculate the greatest common divisor of 46095 and 105.
105
What is the greatest common divisor of 251652 and 13772?
1252
What is the highest common factor of 20 and 109790?
10
What is the greatest common factor of 26400 and 1782?
66
What is the highest common factor of 345 and 20769?
69
Calculate the greatest common divisor of 78604 and 3268.
172
What is the highest common divisor of 408525 and 50?
25
What is the greatest common factor of 5487 and 61950?
177
Calculate the highest common factor of 79 and 40448.
79
What is the greatest common factor of 26751 and 1110?
111
Calculate the greatest common divisor of 14653 and 2.
1
What is the greatest common factor of 14055 and 70?
5
Calculate the greatest common factor of 209 and 11153.
19
Calculate the highest common factor of 83246 and 778.
778
Calculate the highest common divisor of 12716 and 1628.
44
Calculate the greatest common factor of 390 and 9295.
65
Calculate the highest common factor of 39919 and 3135.
209
Calculate the highest common divisor of 287685 and 4725.
135
What is the greatest common factor of 116679 and 345?
69
What is the greatest common divisor of 7054 and 24?
2
Calculate the highest common factor of 136 and 396712.
136
Calculate the greatest common factor of 705 and 240.
15
Calculate the highest common factor of 394 and 472997.
197
What is the greatest common divisor of 220 and 93335?
55
What is the greatest common factor of 1922 and 2294?
62
What is the highest common factor of 31993 and 428?
107
Calculate the greatest common factor of 96379 and 775.
31
What is the greatest common factor of 98 and 2828?
14
Calculate the highest common divisor of 1428 and 1992298.
238
Calculate the highest common divisor of 68218 and 92.
46
Calculate the greatest common divisor of 715 and 119977.
143
Calculate the highest common divisor of 924 and 134484.
84
Calculate the highest common factor of 55040 and 960.
320
Calculate the greatest common factor of 856 and 10593.
107
Calculate the highest common divisor of 1188 and 66594.
66
Calculate the greatest common divisor of 2813980 and 2528.
316
Calculate the highest common divisor of 46 and 14950.
46
What is the highest common factor of 843 and 248123?
281
Calculate the greatest common factor of 2272628 and 238.
34
What is the highest common factor of 42560 and 5040?
560
What is the greatest common factor of 11893 and 7?
7
Calculate the greatest common factor of 50196 and 1880.
188
What is the greatest common factor of 11895 and 8632?
13
Calculate the greatest common factor of 152640 and 360.
360
What is the highest common divisor of 68 and 3825?
17
What is the highest common factor of 35404 and 1169?
167
Calculate the highest common factor of 846996 and 12.
12
What is the greatest common divisor of 189 and 46872?
189
What is the highest common factor of 817672 and 716?
716
Calculate the greatest common factor of 33184 and 6732.
68
Calculate the highest common factor of 59454 and 9369.
27
What is the highest common divisor of 27961 and 79?
1
What is the greatest common divisor of 1524681 and 6?
3
Calculate the highest common divisor of 178244 and 66.
22
Calculate the highest common factor of 8804 and 868.
124
Calculate the greatest common factor of 483680 and 160.
160
What is the greatest common divisor of 170496 and 48?
48
What is the greatest common factor of 842648 and 72?
8
Calculate the highest common divisor of 7818231 and 93.
93
What is the greatest common factor of 180 and 46200?
60
What is the greatest common factor of 995082 and 66?
66
What is the greatest common factor of 31 and 115723?
31
Calculate the highest common factor of 33232 and 3350.
134
What is the highest common divisor of 210 and 210910?
70
Calculate the greatest common divisor of 18531 and 8091.
261
What is the highest common factor of 7808 and 192?
64
Calculate the highest common divisor of 388 and 167810.
194
What is the highest common divisor of 2352 and 73647?
147
What is the highest common divisor of 1420 and 215?
5
What is the greatest common factor of 5376 and 63504?
336
What is the highest common divisor of 2730 and 1785?
105
What is the greatest common divisor of 13840 and 29929?
173
What is the highest common divisor of 1682 and 11736996?
1682
Calculate the greatest common factor of 59 and 5828.
1
What is the highest common factor of 27140 and 4580?
20
What is the highest common divisor of 1565846 and 1362?
454
Calculate the highest common divisor of 249